*x - 1363 = 1377, s = 4*n - 5*x. Suppose 0 = 4*d + d - n. Is d a composite number?
True
Let r = -184 + 199. Is r a prime number?
False
Let q be 4/(-6)*(8 + -11). Suppose q*i - 601 = 3*y - 4263, 5*y - i = 6101. Suppose 7*w = 3*w + y. Is w a composite number?
True
Suppose 5*a + 0*a = 6295. Is a a composite number?
False
Is 8/10 + 259896/280 a prime number?
True
Let w be 1 - ((-2 - 1) + -2). Let z be 8/2 + (-12)/w. Is 88 + -1 + (4 - z) composite?
False
Let z be 35/10 - (-3)/2. Let n(v) = 12*v**3 - 6*v**2 + 4*v - 9. Is n(z) prime?
True
Let f = 138 - 150. Is 228/8*(-104)/f a composite number?
True
Let d = 67 - 41. Suppose d*r = 34*r - 21832. Is r a composite number?
False
Suppose -5*c - 2*v + 5 = 0, 2*v + 5 = 5*c - 0*v. Let f(n) = 1213*n**3 - n**2 + 2*n - 1. Is f(c) a prime number?
True
Let h be 0 + (2 - 1/1). Let w(j) = -12*j**2 + j. Let g be w(h). Let u = 110 - g. Is u composite?
True
Let a(u) be the second derivative of -u**5/20 - 5*u**4/3 + 14*u**3/3 - 5*u**2/2 - 12*u. Is a(-22) a composite number?
False
Let u(g) = -5*g**3 + 21*g**2 + 31*g + 4. Is u(-15) prime?
True
Let w(l) = -7 - 13 + 129*l + 4 + 0. Is w(5) composite?
True
Let x(u) = -18*u**3 + 36*u**2 + 13*u - 20. Is x(-11) prime?
True
Let y(g) = 481*g - 2. Let c be y(2). Suppose 4*x - 4984 = -c. Suppose -4*k + x = -2*k. Is k a composite number?
False
Let h(g) = -5*g**2 + 6 - 7*g + 0*g - 6 + 9 + g**3. Let c = 41 - 33. Is h(c) a composite number?
True
Let c = 8922 + -5875. Is c a composite number?
True
Let p(d) = d**2 + 4*d - 8. Let o be p(-6). Suppose 0 = -o*y - 3*x + 1336, y = 2*x - 38 + 361. Is y composite?
False
Let w = -7 - -3. Let c(o) be the third derivative of -5*o**4/12 + o**3/2 - 2*o**2. Is c(w) a composite number?
False
Let w(v) = -5*v**3 - 23*v**2 - 28*v - 65. Is w(-17) prime?
True
Let g(n) = 289*n**2 - 6*n + 7. Let o(b) = 3 + 2*b + 2*b**2 - 2 - 4*b + b**3. Let r be o(1). Is g(r) a prime number?
True
Let t be 2/4 - 84/(-8). Let h be (t - -5) + 3*-1. Suppose h = 5*y - 102. Is y composite?
False
Suppose 9*l - 2*l = -7. Is (17 + -18)/(l/1283) a composite number?
False
Suppose z + 3*f = 12, 12*z + f = 9*z + 20. Is (-2 + 0)*((-1779)/z)/1 a composite number?
False
Let z(j) = -j**3 + 8*j**2 - 7*j - 3. Let q be z(7). Is 314*(2 + (q - -2)) a prime number?
False
Let t(v) = 1655*v - 74. Let d(a) = 827*a - 37. Let h(o) = -5*d(o) + 3*t(o). Is h(3) a composite number?
True
Let z be -345 + (0 - (1 + 1)). Let d = -100 - z. Is d prime?
False
Let p = 5 - 3. Let r = p - 2. Suppose r = 3*o - 165 - 504. Is o prime?
True
Let b = -198077 + 378640. Is b prime?
True
Let u(k) = 3*k**3 - 14*k**2 - 24*k + 18. Is u(11) a composite number?
False
Let c = -6665 - -31164. Is c a prime number?
True
Suppose -7*j + 416646 = 11*j. Is j composite?
True
Let i = 3880 - -2899. Is i composite?
False
Let n be (-2)/(-3)*-3 + 1789. Suppose 4*j = -0*j + r + 3601, 5*r + n = 2*j. Is j a prime number?
False
Let w(z) be the second derivative of 31*z**4/12 - z**3/6 + z**2/2 + 4*z. Suppose -3 + 7 = 2*n. Is w(n) composite?
True
Suppose 0 = 4*k - k + 147. Is (-14)/k - ((-58712)/14 - 1) prime?
False
Suppose 2*u + 54 = 4*g, -3*u - u - g - 126 = 0. Suppose 192 = 6*x - 4*x. Let p = u + x. Is p a composite number?
True
Suppose -4*o = -5*d - 5928, 2938 = 2*o + d + 3*d. Is o composite?
True
Suppose -4*w + 144 = -3*c, -4*c + 5*c - 4 = 0. Let m = 34 - w. Is (m/4)/(3/(-276)) composite?
True
Let m(z) = -z**3 + z. Let b be m(0). Suppose 3*o + 2*y - 493 = b, 0 = -5*o + 2*o - y + 488. Suppose -p = -5*s + 4307 + o, -s + 4*p + 905 = 0. Is s composite?
True
Let x(m) = 58*m + 181. Is x(31) a composite number?
False
Let x = 22 - 17. Suppose -4*p - 8 = -2*v - 6*p, -x*v - 4*p = -18. Suppose s + 1138 = v*a, 7*s - 2*s = -a + 591. Is a composite?
False
Let b = 68 - 50. Suppose -13*o + b*o = 2575. Is o composite?
True
Let k(a) = -a**2 + 9*a - 12. Let c be k(8). Let l(y) = -535*y + 13. Is l(c) composite?
False
Suppose 35 = 2*w + a - 10, 0 = w - 2*a - 30. Suppose -19*v + w*v - 20950 = 0. Suppose 2*r - 4*j = -2*j + 2104, -4*r + v = 2*j. Is r a prime number?
True
Let f = 7390 - -6187. Is f composite?
False
Let l be (-1418 - -3) + (-3 - -1). Let v = -995 - l. Is v prime?
False
Let q be 3789/21 - 3/7. Let s be q/2 - 3/1. Let u = 172 - s. Is u composite?
True
Let h be (16 - 0)/(5 - 3). Suppose h*k - 36348 = -6004. Is k prime?
True
Suppose 3*d = -15, -2*f - 2 + 8 = -2*d. Is (0 - (293 + f))*(-2)/3 prime?
False
Suppose 7*j = 9*j - 4658. Let f = j + -86. Is f a composite number?
False
Let j(y) = 49990*y**2 + 12*y + 13. Is j(-1) a prime number?
True
Let g = -10 - -14. Suppose g*x - 6 = -3*h + 6, 15 = 5*x - 4*h. Suppose 686 = x*u - 217. Is u composite?
True
Suppose 3*d = -2*d. Let i(f) = -2*f**3 - f**2 - 2*f + 112. Let m(b) = 5*b**3 + 2*b**2 + 5*b - 223. Let o(v) = 7*i(v) + 3*m(v). Is o(d) a composite number?
True
Let z = -1 - -3. Let l(p) = -p**2 + 18*p - 32. Let b be l(16). Suppose -a - z*a + 267 = b. Is a a composite number?
False
Let d(u) = 66*u**2 + 3*u + 3. Let g be d(-1). Suppose 3*p - g = 4*r + 409, -4*p + 634 = -5*r. Is p a composite number?
True
Let o = -2425 - -3434. Is o prime?
True
Suppose 0 = -17*q + 1043 + 93426. Is q a composite number?
False
Suppose -2*z = 5*p + 8114, -2*p = -3*z + 3369 - 112. Let s = -747 - p. Is s a composite number?
False
Let r(k) = 28*k + 279 + 282 - 550. Suppose 12 = -2*w + 4*l, -1 = -w + l - 2. Is r(w) prime?
False
Suppose -13*y + 14436 = -y. Is y composite?
True
Let p(t) = -115*t**2 - 5*t + 11. Let o be p(5). Let d = -1518 - o. Is d composite?
True
Let b = -4 + 6. Suppose u - 664 = -q - b*u, -3*q - u = -2016. Is q a composite number?
False
Let t(q) = 4*q**2 + 72*q + 55. Is t(-44) a prime number?
False
Suppose 239078 = -210*h + 224*h. Is h composite?
False
Suppose -2*r - 2*r = -2016. Let n be 2/6*(30 + -15). Suppose n*z - 122 = -u, r = 3*u + u + 4*z. Is u prime?
True
Suppose 4 + 8 = 6*w. Suppose 2*n + 363 = -3*l - n, -w*l - 5*n = 248. Let a = -30 - l. Is a a composite number?
False
Let z(k) = 3758*k + 307. Is z(11) a prime number?
False
Suppose -8*i = -7*i - 463. Let v = i - 158. Is v a prime number?
False
Let w = 2806 + -83. Is w prime?
False
Suppose -18*m = -14*m - 20. Suppose 3*o = -2*a + 1771, m*o - a - 1623 - 1307 = 0. Is o a composite number?
False
Let i(q) = -24*q + 7. Is i(-9) prime?
True
Let q = -6756 - -17443. Is q a prime number?
True
Let s(t) = -187*t - 4. Let h(p) = -p + 1. Let d(o) = 4*h(o) + s(o). Let w be d(-2). Suppose m = -m + w. Is m composite?
False
Suppose 0 = -q - 3*f + 20, 20 = q + 2*q + f. Let x(p) = 65*p + 17*p + 8 + q. Is x(15) composite?
True
Suppose 5*u + 2582 = -4*g, 2*u - g - g + 1022 = 0. Let m = u + 1469. Is m a prime number?
False
Suppose 457 = v + 5*u, 2*u = 1 - 5. Suppose -3*r + 606 = z - v, 2*z - 2124 = 5*r. Is z prime?
False
Let y be 0/(-1 + 4 + -2). Let m(o) = o + 863. Is m(y) prime?
True
Suppose 39596 = 9*l - 54895. Is l a composite number?
False
Suppose 19 = -4*d + 3*d + 5*f, d + 5*f = 11. Let h be 6988/(-8) - 2/d. Let w = 4 - h. Is w a composite number?
False
Let c = 4 + 0. Let b(o) = -4*o + 3*o**2 + 0*o + 3 + 30*o**3 - 26*o**3 - o. Is b(c) a composite number?
True
Let o = 3967 - 2626. Let w = o + -280. Is w a composite number?
False
Let z(f) = f**3 + 11*f**2 + 7*f - 3. Let t be z(-10). Let i be 9/t - (-149)/3. Suppose 0 = -s + i + 37. Is s composite?
True
Let t(g) = 3*g + 10. Let c be ((-6)/5)/((-22)/(-110)). Let i be t(c). Let q = i - -57. Is q prime?
False
Suppose -3*s + x = 2*x + 18, -3*s + 4*x - 33 = 0. Let y be -1931 + 7/(s/(-4)). Is y/(-6) - 4/24 prime?
False
Suppose 0 = -4*m + h - 700, -5*m - 5*h - 850 = -0*m. Let j = 1763 - m. Is j prime?
False
Suppose 57809 + 265481 = 22*z. Is z a composite number?
True
Let c(v) = 2156*v + 879. Is c(22) composite?
False
Let w(h) = 4113*h - 146. Is w(5) a composite number?
True
Suppose 0 = -s + 2*t + 3487, s + 2*t - 3507 = -0*t. Is s composite?
True
Is -2 - (-7*18/(-21) - 4117) prime?
False
Let g(o) = 71*o**2 + 6*o - 9. Is g(4) a prime number?
True
Let s = 315 - 599. Let c = s + 457. Let o = 134 + c. Is o composite?
False
Let x = 66648 - 37859. Is x prime?
True
Suppose 5*m - s = s + 25, 0 = 3*s. Let c = 10 - 7. Suppose m*v = c + 127. Is v a composite number?
True
Let t = 4043 + 1304. Is t composite?
False
Let u = -28 - -36. Is u/4*(-3 - -152) p